41 is divided by 21?
20
Calculate the remainder when 257 is divided by 112.
33
Calculate the remainder when 629 is divided by 107.
94
Calculate the remainder when 447 is divided by 161.
125
Calculate the remainder when 4599 is divided by 2292.
15
Calculate the remainder when 1609 is divided by 35.
34
Calculate the remainder when 54 is divided by 13.
2
What is the remainder when 1469 is divided by 32?
29
Calculate the remainder when 2358 is divided by 59.
57
Calculate the remainder when 737 is divided by 184.
1
Calculate the remainder when 14 is divided by 11.
3
What is the remainder when 57598 is divided by 96?
94
What is the remainder when 77 is divided by 36?
5
Calculate the remainder when 325 is divided by 80.
5
Calculate the remainder when 993 is divided by 225.
93
Calculate the remainder when 404 is divided by 228.
176
What is the remainder when 251 is divided by 31?
3
What is the remainder when 70 is divided by 17?
2
What is the remainder when 280 is divided by 94?
92
What is the remainder when 2203 is divided by 733?
4
What is the remainder when 67 is divided by 43?
24
Calculate the remainder when 303 is divided by 72.
15
What is the remainder when 2483 is divided by 46?
45
Calculate the remainder when 374 is divided by 102.
68
Calculate the remainder when 1241 is divided by 54.
53
Calculate the remainder when 139 is divided by 2.
1
Calculate the remainder when 4386 is divided by 487.
3
Calculate the remainder when 653 is divided by 125.
28
What is the remainder when 110 is divided by 3?
2
Calculate the remainder when 750 is divided by 13.
9
What is the remainder when 791 is divided by 114?
107
Calculate the remainder when 260 is divided by 24.
20
What is the remainder when 806 is divided by 267?
5
Calculate the remainder when 233 is divided by 59.
56
What is the remainder when 211 is divided by 68?
7
Calculate the remainder when 52 is divided by 15.
7
Calculate the remainder when 6881 is divided by 111.
110
Calculate the remainder when 248 is divided by 79.
11
Calculate the remainder when 115 is divided by 78.
37
Calculate the remainder when 1376 is divided by 106.
104
Calculate the remainder when 629 is divided by 18.
17
Calculate the remainder when 89 is divided by 20.
9
Calculate the remainder when 1554 is divided by 262.
244
Calculate the remainder when 490 is divided by 101.
86
What is the remainder when 803 is divided by 176?
99
Calculate the remainder when 101657 is divided by 34.
31
What is the remainder when 286 is divided by 284?
2
Calculate the remainder when 344 is divided by 42.
8
What is the remainder when 680 is divided by 63?
50
Calculate the remainder when 146 is divided by 74.
72
Calculate the remainder when 161 is divided by 66.
29
Calculate the remainder when 22 is divided by 18.
4
What is the remainder when 884 is divided by 220?
4
Calculate the remainder when 741 is divided by 90.
21
What is the remainder when 3147 is divided by 14?
11
Calculate the remainder when 5829 is divided by 17.
15
Calculate the remainder when 102 is divided by 12.
6
What is the remainder when 130 is divided by 46?
38
What is the remainder when 111 is divided by 57?
54
Calculate the remainder when 44 is divided by 18.
8
Calculate the remainder when 176 is divided by 62.
52
What is the remainder when 507 is divided by 6?
3
What is the remainder when 1240 is divided by 65?
5
Calculate the remainder when 583 is divided by 69.
31
What is the remainder when 2298 is divided by 59?
56
What is the remainder when 96 is divided by 25?
21
Calculate the remainder when 863 is divided by 79.
73
What is the remainder when 241 is divided by 29?
9
Calculate the remainder when 2717 is divided by 66.
11
What is the remainder when 1049 is divided by 105?
104
Calculate the remainder when 56 is divided by 15.
11
What is the remainder when 132 is divided by 23?
17
What is the remainder when 116 is divided by 71?
45
Calculate the remainder when 525 is divided by 44.
41
Calculate the remainder when 831 is divided by 13.
12
What is the remainder when 60 is divided by 9?
6
What is the remainder when 935 is divided by 158?
145
What is the remainder when 31 is divided by 5?
1
What is the remainder when 454 is divided by 13?
12
Calculate the remainder when 746 is divided by 201.
143
What is the remainder when 24 is divided by 6?
0
What is the remainder when 144 is divided by 5?
4
Calculate the remainder when 551 is divided by 15.
11
Calculate the remainder when 199 is divided by 50.
49
What is the remainder when 129 is divided by 41?
6
Calculate the remainder when 244 is divided by 37.
22
What is the remainder when 54 is divided by 28?
26
What is the remainder when 3456 is divided by 24?
0
What is the remainder when 1679 is divided by 42?
41
What is the remainder when 21239 is divided by 118?
117
What is the remainder when 646 is divided by 24?
22
What is the remainder when 950 is divided by 119?
117
What is the remainder when 47 is divided by 16?
15
What is the remainder when 90 is divided by 29?
3
What is the remainder when 3797 is divided by 10?
7
What is the remainder when 1466 is divided by 23?
17
What is the remainder when 821 is divided by 33?
29
What is the remainder when 212 is divided by 31?
26
Calculate the remainder when 135 is divided by 17.
16
What is the remainder when 68 is divided by 41?
27
Calculate the remainder when 278 is divided by 88.
14
Calculate the remainder when 133 is divided by 102.
31
What is the remainder when 71 is divided by 13?
6
Calculate the remainder when 2704 is divided by 539.
9
Calculate the remainder when 155 is divided by 145.
10
What is the remainder when 5822 is divided by 278?
262
Calculate the remainder when 597 is divided by 40.
37
Calculate the remainder when 6584 is divided by 74.
72
What is the remainder when 1178 is divided by 195?
8
Calculate the remainder when 286 is divided by 18.
16
Calculate the remainder when 190 is divided by 12.
10
Calculate the remainder when 74 is divided by 4.
2
Calculate the remainder when 404 is divided by 29.
27
Calculate the remainder when 6416 is divided by 338.
332
Calculate the remainder when 773 is divided by 19.
13
Calculate the remainder when 11798 is divided by 10.
8
What is the remainder when 675 is divided by 134?
5
Calculate the remainder when 1135 is divided by 40.
15
What is the remainder when 2597 is divided by 42?
35
What is the remainder when 76 is divided by 13?
11
What is the remainder when 308 is divided by 142?
24
Calculate the remainder when 844 is divided by 65.
64
Calculate the remainder when 109 is divided by 23.
17
Calculate the remainder when 108 is divided by 27.
0
Calculate the remainder when 93 is divided by 59.
34
What is the remainder when 519 is divided by 18?
15
Calculate the remainder when 63 is divided by 9.
0
What is the remainder when 2337 is divided by 27?
15
What is the remainder when 621 is divided by 319?
302
Calculate the remainder when 648 is divided by 10.
8
What is the remainder when 13012 is divided by 18?
16
Calculate the remainder when 619 is divided by 86.
17
Calculate the remainder when 279 is divided by 26.
19
What is the remainder when 1783 is divided by 17?
15
Calculate the remainder when 459 is divided by 33.
30
Calculate the remainder when 234 is divided by 7.
3
Calculate the remainder when 32 is divided by 11.
10
Calculate the remainder when 245 is divided by 72.
29
What is the remainder when 250 is divided by 17?
12
What is the remainder when 19 is divided by 10?
9
What is the remainder when 2986 is divided by 595?
11
What is the remainder when 560 is divided by 26?
14
What is the remainder when 6694 is divided by 13?
12
What is the remainder when 2390 is divided by 41?
12
What is the remainder when 294 is divided by 107?
80
Calculate the remainder when 886 is divided by 47.
40
Calculate the remainder when 166 is divided by 53.
7
What is the remainder when 1540 is divided by 6?
4
Calculate the remainder when 1160 is divided by 1148.
12
Calculate the remainder when 3666 is divided by 99.
3
What is the remainder when 1156 is divided by 13?
12
Calculate the remainder when 18717 is divided by 120.
117
Calculate the remainder when 195 is divided by 27.
6
Calculate the remainder when 409 is divided by 83.
77
What is the remainder whe